divided by 122.
119
What is the remainder when 24751885 is divided by 31?
28
What is the remainder when 11144 is divided by 533?
484
Calculate the remainder when 66824 is divided by 72.
8
What is the remainder when 673 is divided by 114?
103
What is the remainder when 1739 is divided by 34?
5
What is the remainder when 11718 is divided by 558?
0
Calculate the remainder when 1039160 is divided by 207832.
0
Calculate the remainder when 52883 is divided by 472.
19
Calculate the remainder when 72389 is divided by 36189.
11
Calculate the remainder when 5091 is divided by 586.
403
What is the remainder when 48171 is divided by 24085?
1
Calculate the remainder when 18700 is divided by 23.
1
What is the remainder when 2037954 is divided by 1339?
1335
What is the remainder when 489208 is divided by 3?
1
Calculate the remainder when 34845 is divided by 96.
93
What is the remainder when 1070 is divided by 338?
56
What is the remainder when 2385284 is divided by 81?
77
What is the remainder when 767 is divided by 245?
32
Calculate the remainder when 4235 is divided by 175.
35
What is the remainder when 90523 is divided by 474?
463
What is the remainder when 38393 is divided by 1575?
593
What is the remainder when 10065 is divided by 5022?
21
Calculate the remainder when 60899 is divided by 32.
3
Calculate the remainder when 3908 is divided by 140.
128
Calculate the remainder when 103637 is divided by 20727.
2
What is the remainder when 31916 is divided by 15869?
178
What is the remainder when 68369 is divided by 263?
252
Calculate the remainder when 535 is divided by 143.
106
Calculate the remainder when 105975 is divided by 235.
225
Calculate the remainder when 20058 is divided by 97.
76
What is the remainder when 1092814 is divided by 11?
8
What is the remainder when 26793 is divided by 200?
193
Calculate the remainder when 6002 is divided by 1494.
26
What is the remainder when 16432 is divided by 225?
7
What is the remainder when 527 is divided by 92?
67
Calculate the remainder when 35476 is divided by 81.
79
Calculate the remainder when 156407 is divided by 84.
83
Calculate the remainder when 1184 is divided by 53.
18
What is the remainder when 1078879 is divided by 109?
106
Calculate the remainder when 18402 is divided by 18384.
18
Calculate the remainder when 26930 is divided by 364.
358
What is the remainder when 13159 is divided by 1096?
7
Calculate the remainder when 1730 is divided by 7.
1
What is the remainder when 1677 is divided by 831?
15
What is the remainder when 70783 is divided by 117?
115
What is the remainder when 287078 is divided by 20?
18
What is the remainder when 3839 is divided by 1063?
650
What is the remainder when 195029 is divided by 837?
8
Calculate the remainder when 1011571 is divided by 505780.
11
Calculate the remainder when 4023 is divided by 1134.
621
Calculate the remainder when 339586 is divided by 349.
9
What is the remainder when 189777 is divided by 17?
6
Calculate the remainder when 27954 is divided by 13975.
4
Calculate the remainder when 53886 is divided by 243.
183
What is the remainder when 4501 is divided by 109?
32
What is the remainder when 93430 is divided by 254?
212
Calculate the remainder when 685 is divided by 137.
0
Calculate the remainder when 1882 is divided by 372.
22
Calculate the remainder when 620240 is divided by 14.
12
What is the remainder when 145178 is divided by 9?
8
What is the remainder when 688034 is divided by 12?
2
Calculate the remainder when 73431 is divided by 134.
133
Calculate the remainder when 58798 is divided by 91.
12
What is the remainder when 19410 is divided by 299?
274
What is the remainder when 81427 is divided by 123?
1
Calculate the remainder when 1621743 is divided by 57.
36
Calculate the remainder when 4386 is divided by 720.
66
What is the remainder when 71547 is divided by 51?
45
Calculate the remainder when 11342 is divided by 148.
94
What is the remainder when 249074 is divided by 45?
44
Calculate the remainder when 13071 is divided by 5962.
1147
Calculate the remainder when 82359 is divided by 138.
111
What is the remainder when 100380 is divided by 102?
12
Calculate the remainder when 1923 is divided by 805.
313
Calculate the remainder when 634313 is divided by 29.
25
Calculate the remainder when 2295 is divided by 229.
5
What is the remainder when 8316 is divided by 171?
108
Calculate the remainder when 220989 is divided by 287.
286
Calculate the remainder when 2312 is divided by 31.
18
What is the remainder when 41090 is divided by 109?
106
Calculate the remainder when 4277 is divided by 4260.
17
What is the remainder when 2709407 is divided by 668?
667
What is the remainder when 2888 is divided by 155?
98
What is the remainder when 2379 is divided by 360?
219
What is the remainder when 222164 is divided by 114?
92
What is the remainder when 7626 is divided by 2479?
189
What is the remainder when 28480 is divided by 37?
27
Calculate the remainder when 2264993 is divided by 138.
137
What is the remainder when 17189 is divided by 77?
18
Calculate the remainder when 29012 is divided by 3214.
86
What is the remainder when 8268 is divided by 188?
184
Calculate the remainder when 1153 is divided by 478.
197
Calculate the remainder when 7837 is divided by 411.
28
What is the remainder when 580893 is divided by 86?
49
What is the remainder when 50121 is divided by 364?
253
What is the remainder when 7016 is divided by 292?
8
Calculate the remainder when 291991 is divided by 152.
151
What is the remainder when 2734 is divided by 697?
643
What is the remainder when 19820 is divided by 991?
0
Calculate the remainder when 1791 is divided by 988.
803
Calculate the remainder when 116801 is divided by 1557.
26
What is the remainder when 163529 is divided by 63?
44
What is the remainder when 5144 is divided by 2536?
72
What is the remainder when 628 is divided by 69?
7
Calculate the remainder when 8338081 is divided by 1042.
1039
What is the remainder when 532 is divided by 46?
26
Calculate the remainder when 42922 is divided by 311.
4
Calculate the remainder when 86496 is divided by 202.
40
Calculate the remainder when 118439 is divided by 658.
657
What is the remainder when 9441 is divided by 9373?
68
What is the remainder when 678179 is divided by 124?
23
What is the remainder when 710 is divided by 52?
34
What is the remainder when 13548 is divided by 4486?
90
Calculate the remainder when 10370 is divided by 94.
30
Calculate the remainder when 21149 is divided by 682.
7
What is the remainder when 2166 is divided by 119?
24
Calculate the remainder when 91824 is divided by 11.
7
What is the remainder when 34609 is divided by 653?
0
Calculate the remainder when 645695 is divided by 46121.
1
What is the remainder when 9049 is divided by 17?
5
What is the remainder when 709 is divided by 8?
5
Calculate the remainder when 8551 is divided by 2699.
454
What is the remainder when 5619 is divided by 62?
39
Calculate the remainder when 12270 is divided by 335.
210
Calculate the remainder when 1865 is divided by 89.
85
What is the remainder when 78757 is divided by 11241?
70
Calculate the remainder when 82109 is divided by 13682.
17
Calculate the remainder when 37466 is divided by 9354.
50
What is the remainder when 503480 is divided by 78?
68
Calculate the remainder when 368918 is divided by 2527.
2503
What is the remainder when 7917 is divided by 60?
57
Calculate the remainder when 525164 is divided by 525162.
2
What is the remainder when 2116477 is divided by 128?
125
What is the remainder when 12773 is divided by 16?
5
What is the remainder when 278483 is divided by 1009?
1008
What is the remainder when 1432371 is divided by 451?
446
What is the remainder when 20990 is divided by 20887?
103
What is the remainder when 1955 is divided by 395?
375
What is the remainder when 86844 is divided by 47?
35
What is the remainder when 22406 is divided by 7457?
35
Calculate the remainder when 89860 is divided by 376.
372
What is the remainder when 2317 is divided by 290?
287
What is the remainder when 4508 is divided by 4476?
32
Calculate the remainder when 16026 is divided by 3949.
230
What is the remainder when 2752887 is divided by 897?
891
Calculate the remainder when 5159 is divi